{"id":707,"date":"2023-08-07T16:36:42","date_gmt":"2023-08-07T16:36:42","guid":{"rendered":"https:\/\/listaaferpisu.pl\/?page_id=707"},"modified":"2023-08-07T16:53:40","modified_gmt":"2023-08-07T16:53:40","slug":"newsy","status":"publish","type":"page","link":"https:\/\/listaaferpisu.pl\/index.php\/newsy\/","title":{"rendered":"Newsy"},"content":{"rendered":"\t\t<div data-elementor-type=\"wp-page\" data-elementor-id=\"707\" class=\"elementor elementor-707\">\n\t\t\t\t\t\t\t\t\t<section class=\"elementor-section elementor-top-section elementor-element elementor-element-61719b41 elementor-section-boxed elementor-section-height-default elementor-section-height-default\" data-id=\"61719b41\" data-element_type=\"section\">\n\t\t\t\t\t\t<div class=\"elementor-container elementor-column-gap-default\">\n\t\t\t\t\t<div class=\"elementor-column elementor-col-100 elementor-top-column elementor-element elementor-element-32c2c5e0\" data-id=\"32c2c5e0\" data-element_type=\"column\">\n\t\t\t<div class=\"elementor-widget-wrap elementor-element-populated\">\n\t\t\t\t\t\t\t\t<div data-general_settings=\"{&quot;direction&quot;:&quot;alternate&quot;,&quot;loop&quot;:true,&quot;easing&quot;:&quot;easeInOutSine&quot;,&quot;target&quot;:&quot;&quot;}\" class=\"elementor-element elementor-element-626dee8d premium-floating-effects-yes uael-nav-menu__align-left uael-submenu-open-hover uael-submenu-icon-arrow uael-submenu-animation-none uael-link-redirect-child uael-nav-menu__breakpoint-tablet elementor-widget elementor-widget-uael-nav-menu\" data-id=\"626dee8d\" data-element_type=\"widget\" data-widget_type=\"uael-nav-menu.default\">\n\t\t\t\t<div class=\"elementor-widget-container\">\n\t\t\t\t\t<div class=\"uael-nav-menu uael-layout-horizontal uael-nav-menu-layout uael-pointer__none\" data-layout=\"horizontal\">\r\n\t\t\t\t<div role=\"button\" class=\"uael-nav-menu__toggle elementor-clickable\">\r\n\t\t\t\t\t<span class=\"screen-reader-text\">Main Menu<\/span>\r\n\t\t\t\t\t<div class=\"uael-nav-menu-icon\">\r\n\t\t\t\t\t\t<i aria-hidden=\"true\" tabindex=\"0\" class=\"fas fa-align-justify\"><\/i>\t\t\t\t\t<\/div>\r\n\t\t\t\t\t\t\t\t\t<\/div>\r\n\t\t\t\t\t\t\t<nav class=\"uael-nav-menu__layout-horizontal uael-nav-menu__submenu-arrow\" data-toggle-icon=\"&lt;i aria-hidden=&quot;true&quot; tabindex=&quot;0&quot; class=&quot;fas fa-align-justify&quot;&gt;&lt;\/i&gt;\" data-close-icon=\"&lt;i aria-hidden=&quot;true&quot; tabindex=&quot;0&quot; class=&quot;far fa-window-close&quot;&gt;&lt;\/i&gt;\" data-full-width=\"yes\"><ul id=\"menu-1-626dee8d\" class=\"uael-nav-menu\"><li id=\"menu-item-654\" class=\"menu-item menu-item-type-post_type menu-item-object-page menu-item-home parent uael-creative-menu\"><a href=\"https:\/\/listaaferpisu.pl\/\" class = \"uael-menu-item\">Lista afer<\/a><\/li>\n<li id=\"menu-item-515\" class=\"menu-item menu-item-type-post_type menu-item-object-page parent uael-creative-menu\"><a href=\"https:\/\/listaaferpisu.pl\/index.php\/milionerzy-pisu\/\" class = \"uael-menu-item\">Milionerzy PiSu<\/a><\/li>\n<li id=\"menu-item-600\" class=\"menu-item menu-item-type-post_type menu-item-object-page parent uael-creative-menu\"><a href=\"https:\/\/listaaferpisu.pl\/index.php\/oplaty-i-podatki-rzadu-pis\/\" class = \"uael-menu-item\">Nowe podatki<\/a><\/li>\n<li id=\"menu-item-655\" class=\"menu-item menu-item-type-post_type menu-item-object-page parent uael-creative-menu\"><a href=\"https:\/\/listaaferpisu.pl\/index.php\/lista-osiagniec-rzadu-pis\/\" class = \"uael-menu-item\">Lista osi\u0105gnie\u0107 PiSu<\/a><\/li>\n<\/ul><\/nav>\r\n\t\t\t\t\t<\/div>\r\n\t\t\t\t\t<\/div>\n\t\t\t\t<\/div>\n\t\t\t\t\t<\/div>\n\t\t<\/div>\n\t\t\t\t\t\t\t<\/div>\n\t\t<\/section>\n\t\t\t\t<section class=\"elementor-section elementor-top-section elementor-element elementor-element-11509935 elementor-section-boxed elementor-section-height-default elementor-section-height-default\" data-id=\"11509935\" data-element_type=\"section\">\n\t\t\t\t\t\t<div class=\"elementor-container elementor-column-gap-default\">\n\t\t\t\t\t<div class=\"elementor-column elementor-col-100 elementor-top-column elementor-element elementor-element-5cdec19c\" data-id=\"5cdec19c\" data-element_type=\"column\">\n\t\t\t<div class=\"elementor-widget-wrap elementor-element-populated\">\n\t\t\t\t\t\t\t\t<div class=\"elementor-element elementor-element-107f5d31 elementor-widget elementor-widget-image\" data-id=\"107f5d31\" data-element_type=\"widget\" data-widget_type=\"image.default\">\n\t\t\t\t<div class=\"elementor-widget-container\">\n\t\t\t<style>\/*! elementor - v3.13.3 - 28-05-2023 *\/\n.elementor-widget-image{text-align:center}.elementor-widget-image a{display:inline-block}.elementor-widget-image a img[src$=\".svg\"]{width:48px}.elementor-widget-image img{vertical-align:middle;display:inline-block}<\/style>\t\t\t\t\t\t\t\t\t\t\t\t\t<a href=\"https:\/\/listaaferpisu.pl\/\">\n\t\t\t\t\t\t\t<img decoding=\"async\" width=\"1500\" height=\"374\" src=\"https:\/\/listaaferpisu.pl\/wp-content\/uploads\/2023\/07\/ListaPiS.svg\" class=\"attachment-medium size-medium wp-image-498\" alt=\"\" loading=\"lazy\" \/>\t\t\t\t\t\t\t\t<\/a>\n\t\t\t\t\t\t\t\t\t\t\t\t\t\t\t<\/div>\n\t\t\t\t<\/div>\n\t\t\t\t\t<\/div>\n\t\t<\/div>\n\t\t\t\t\t\t\t<\/div>\n\t\t<\/section>\n\t\t\t\t<section class=\"elementor-section elementor-top-section elementor-element elementor-element-2273495d elementor-section-boxed elementor-section-height-default elementor-section-height-default\" data-id=\"2273495d\" data-element_type=\"section\">\n\t\t\t\t\t\t<div class=\"elementor-container elementor-column-gap-default\">\n\t\t\t\t\t<div class=\"elementor-column elementor-col-50 elementor-top-column elementor-element elementor-element-33da1097\" data-id=\"33da1097\" data-element_type=\"column\">\n\t\t\t<div class=\"elementor-widget-wrap elementor-element-populated\">\n\t\t\t\t\t\t\t\t<div class=\"elementor-element elementor-element-4c648c2 elementor-grid-2 elementor-grid-tablet-2 elementor-grid-mobile-1 elementor-posts--thumbnail-top elementor-widget elementor-widget-posts\" data-id=\"4c648c2\" data-element_type=\"widget\" data-settings=\"{&quot;classic_columns&quot;:&quot;2&quot;,&quot;classic_columns_tablet&quot;:&quot;2&quot;,&quot;classic_columns_mobile&quot;:&quot;1&quot;,&quot;classic_row_gap&quot;:{&quot;unit&quot;:&quot;px&quot;,&quot;size&quot;:35,&quot;sizes&quot;:[]},&quot;classic_row_gap_tablet&quot;:{&quot;unit&quot;:&quot;px&quot;,&quot;size&quot;:&quot;&quot;,&quot;sizes&quot;:[]},&quot;classic_row_gap_mobile&quot;:{&quot;unit&quot;:&quot;px&quot;,&quot;size&quot;:&quot;&quot;,&quot;sizes&quot;:[]}}\" data-widget_type=\"posts.classic\">\n\t\t\t\t<div class=\"elementor-widget-container\">\n\t\t\t<link rel=\"stylesheet\" href=\"https:\/\/listaaferpisu.pl\/wp-content\/plugins\/elementor-pro\/assets\/css\/widget-posts.min.css\">\t\t<div class=\"elementor-posts-container elementor-posts elementor-posts--skin-classic elementor-grid\">\n\t\t\t\t<article class=\"elementor-post elementor-grid-item post-700 post type-post status-publish format-standard has-post-thumbnail hentry category-uncategorized\">\n\t\t\t\t<a class=\"elementor-post__thumbnail__link\" href=\"https:\/\/listaaferpisu.pl\/index.php\/2023\/08\/04\/wpis-testowy\/\" >\n\t\t\t<div class=\"elementor-post__thumbnail\"><img decoding=\"async\" width=\"768\" height=\"511\" src=\"https:\/\/listaaferpisu.pl\/wp-content\/uploads\/2023\/08\/Dasz-rade-to-przezrec-768x511.jpg\" class=\"attachment-medium_large size-medium_large wp-image-720\" alt=\"\" loading=\"lazy\" srcset=\"https:\/\/listaaferpisu.pl\/wp-content\/uploads\/2023\/08\/Dasz-rade-to-przezrec-768x511.jpg 768w, https:\/\/listaaferpisu.pl\/wp-content\/uploads\/2023\/08\/Dasz-rade-to-przezrec-300x199.jpg 300w, https:\/\/listaaferpisu.pl\/wp-content\/uploads\/2023\/08\/Dasz-rade-to-przezrec-1024x681.jpg 1024w, https:\/\/listaaferpisu.pl\/wp-content\/uploads\/2023\/08\/Dasz-rade-to-przezrec.jpg 1152w\" sizes=\"(max-width: 768px) 100vw, 768px\" \/><\/div>\n\t\t<\/a>\n\t\t\t\t<div class=\"elementor-post__text\">\n\t\t\t\t<h3 class=\"elementor-post__title\">\n\t\t\t<a href=\"https:\/\/listaaferpisu.pl\/index.php\/2023\/08\/04\/wpis-testowy\/\" >\n\t\t\t\tPiS zabezpieczy\u0142 12,5 mln z\u0142 z REZERWY BUD\u017bETOWEJ na pikniki 800+\t\t\t<\/a>\n\t\t<\/h3>\n\t\t\t\t<div class=\"elementor-post__meta-data\">\n\t\t\t\t\t<span class=\"elementor-post-date\">\n\t\t\t4 sierpnia, 2023\t\t<\/span>\n\t\t\t\t<span class=\"elementor-post-avatar\">\n\t\t\t<span class=\"dsq-postid\" data-dsqidentifier=\"700 https:\/\/listaaferpisu.pl\/?p=700\">Brak komentarzy<\/span>\t\t<\/span>\n\t\t\t\t<\/div>\n\t\t\t\t<div class=\"elementor-post__excerpt\">\n\t\t\t<p>https:\/\/www.rp.pl\/polityka\/art38908391-sondaz-pis-wydaje-miliony-na-pikniki-wiekszosc-polakow-nie-popiera-takiego-wydawania-pieniedzy<\/p>\n\t\t<\/div>\n\t\t\n\t\t<a class=\"elementor-post__read-more\" href=\"https:\/\/listaaferpisu.pl\/index.php\/2023\/08\/04\/wpis-testowy\/\" aria-label=\"Read more about PiS zabezpieczy\u0142 12,5 mln z\u0142 z REZERWY BUD\u017bETOWEJ na pikniki 800+\" >\n\t\t\tCzytaj dalej\t\t<\/a>\n\n\t\t\t\t<\/div>\n\t\t\t\t<\/article>\n\t\t\t\t<\/div>\n\t\t\n\t\t\t\t<\/div>\n\t\t\t\t<\/div>\n\t\t\t\t\t<\/div>\n\t\t<\/div>\n\t\t\t\t<div class=\"elementor-column elementor-col-50 elementor-top-column elementor-element elementor-element-f8533e9\" data-id=\"f8533e9\" data-element_type=\"column\">\n\t\t\t<div class=\"elementor-widget-wrap elementor-element-populated\">\n\t\t\t\t\t\t\t\t<div class=\"elementor-element elementor-element-57dea7e6 elementor-hidden-mobile elementor-hidden-desktop elementor-hidden-tablet elementor-widget elementor-widget-html\" data-id=\"57dea7e6\" data-element_type=\"widget\" data-widget_type=\"html.default\">\n\t\t\t\t<div class=\"elementor-widget-container\">\n\t\t\t<div style=\"position: relative; width: 300px; height: 400px; overflow: hidden;\"><iframe style=\"position: absolute; top:0; left: 0; bottom: 0; right: 0; width: 100%; height: 100%;\" src=\"https:\/\/zrzutka.pl\/6wyf68\/widget\/13\" frameborder=\"0\" scrolling=\"no\"><\/iframe><\/div>\t\t<\/div>\n\t\t\t\t<\/div>\n\t\t\t\t\t<\/div>\n\t\t<\/div>\n\t\t\t\t\t\t\t<\/div>\n\t\t<\/section>\n\t\t\t\t\t\t\t<\/div>\n\t\t","protected":false},"excerpt":{"rendered":"<p>Main Menu Lista afer Milionerzy PiSu Nowe podatki Lista osi\u0105gnie\u0107 PiSu Newsy<\/p>\n","protected":false},"author":1,"featured_media":0,"parent":0,"menu_order":0,"comment_status":"closed","ping_status":"closed","template":"elementor_canvas","meta":[],"_links":{"self":[{"href":"https:\/\/listaaferpisu.pl\/index.php\/wp-json\/wp\/v2\/pages\/707"}],"collection":[{"href":"https:\/\/listaaferpisu.pl\/index.php\/wp-json\/wp\/v2\/pages"}],"about":[{"href":"https:\/\/listaaferpisu.pl\/index.php\/wp-json\/wp\/v2\/types\/page"}],"author":[{"embeddable":true,"href":"https:\/\/listaaferpisu.pl\/index.php\/wp-json\/wp\/v2\/users\/1"}],"replies":[{"embeddable":true,"href":"https:\/\/listaaferpisu.pl\/index.php\/wp-json\/wp\/v2\/comments?post=707"}],"version-history":[{"count":10,"href":"https:\/\/listaaferpisu.pl\/index.php\/wp-json\/wp\/v2\/pages\/707\/revisions"}],"predecessor-version":[{"id":724,"href":"https:\/\/listaaferpisu.pl\/index.php\/wp-json\/wp\/v2\/pages\/707\/revisions\/724"}],"wp:attachment":[{"href":"https:\/\/listaaferpisu.pl\/index.php\/wp-json\/wp\/v2\/media?parent=707"}],"curies":[{"name":"wp","href":"https:\/\/api.w.org\/{rel}","templated":true}]}}